m(l) = l**2 + 19*l + 20. Let h be m(-18). Suppose 2 = -b + 6. What is the highest common factor of b and h?
2
Suppose 3*f + 4*h = 166, 0 = -0*f - f - 4*h + 66. Let b = f - -15. Suppose 0*v + b = 5*q - 5*v, -5*v = -q + 1. What is the highest common divisor of q and 4?
4
Let c(h) = h**2 + 8*h - 5. Let o be c(-7). Let j be 8/12 + 68/o. Let q be -2 + (-1 - j) + 19. What is the greatest common factor of q and 3?
3
Suppose 0 = 3*v + 3*b - 51, 5*v + 4*b = 3*v + 38. Suppose 10*d = v*d + 40. Let i = d - -16. Calculate the greatest common divisor of i and 1.
1
Let s be -84 + 12/(-10)*10/4. Let x = -67 - s. Calculate the highest common divisor of x and 8.
4
Let j = 51 - 26. Suppose 2*n = -0 + 6. Suppose -164 = -n*a + 211. What is the greatest common factor of a and j?
25
Suppose 5*d = 108 + 662. Calculate the highest common divisor of 14 and d.
14
Let h = 4 - 2. Let x be 6/4*18/9. Suppose -12 = -2*l - x*n, -4*l + 10 = -2*l + h*n. What is the highest common divisor of 6 and l?
3
Let x = 6 + -6. Suppose 2 = 4*b + 4*v - 18, 5*b + 3*v - 25 = x. What is the greatest common divisor of b and 40?
5
Suppose 2*m = -2*v, 19*v + m = 20*v - 10. Let p = -2 - -2. Suppose 2*a = -p*a + 80. Calculate the greatest common divisor of a and v.
5
Let f be (-12 - (11 - 20))*38/(-6). Calculate the greatest common factor of f and 38.
19
Let n(f) = f**2 - 4*f - 10. Let k be n(6). Let b be k/10*(-5)/(-1). Let q(j) = 4*j + 1. Let v be q(b). Calculate the highest common divisor of 20 and v.
5
Suppose -72 = -4*d - o + 3*o, d - 4*o - 11 = 0. What is the highest common factor of d and 437?
19
Let h(y) = 16*y**3 - 2*y**2 + y - 5. Let j be h(2). Let u be 1 + 12 - (0 - 0). What is the highest common divisor of u and j?
13
Let a = -55 - -58. Let d(l) = 16*l**2 - 12. Let k be d(a). What is the greatest common divisor of k and 12?
12
Let s be (6/(-4))/((-15)/(-140)). Let g(a) = -a**3 - 14*a**2 - 8*a. Let d be g(s). Calculate the greatest common factor of d and 14.
14
Let h be 254/(-6) - (-4)/(-6). Let u = 71 + h. Suppose 0 = -2*s + s - 5*g + u, -3*g = 4*s - 112. Calculate the greatest common factor of s and 14.
14
Suppose 0 = 29*j - 1969 - 28191. Calculate the highest common divisor of j and 240.
80
Let l be -1 + (4 + 3 - 3). Suppose 7*z - l*z = 1056. Suppose -10*m + 13*m = z. What is the highest common factor of 8 and m?
8
Let q(b) = -2*b**3 - 15*b**2 - 16*b + 28. Let w be q(-6). Calculate the greatest common factor of w and 432.
16
Let b = 794 - 638. Calculate the highest common divisor of b and 12.
12
Let k(j) = -70*j - 17. Let a be k(-7). Let x = a + -329. Calculate the greatest common factor of x and 18.
18
Suppose -102 = -2*z - 30. What is the highest common factor of z and 48?
12
Suppose 34*p + 39*p - 3139 = 0. What is the greatest common factor of p and 1161?
43
Suppose -65*l + 66*l = 3*y + 28, -4*l - 4*y = -160. What is the highest common divisor of 999 and l?
37
Let x = 159 - 93. Calculate the greatest common factor of x and 18.
6
Let v = -372 - -375. What is the greatest common factor of v and 303?
3
Suppose 2*b = -2*z + 18, 4*b - 4*z + 6*z = 42. What is the highest common factor of b and 60?
12
Suppose -4*p = -5*m + 119, -4*p + m - 4*m - 95 = 0. Let j = 1 + p. Let b = -16 - j. What is the highest common factor of b and 3?
3
Let s be 2 + (-4)/(-1*4). Suppose -57 = 3*k - s*q, -2*k - 32 = 3*q + 16. Let r = k - -37. Calculate the highest common factor of 64 and r.
16
Let t be 1/(-3 - 10/(-4)). Let x be 1/((-3 - -2)/t). Suppose 0*s + s - 20 = x*l, -s - 3*l = 5. Calculate the greatest common divisor of s and 30.
10
Let f be (192/18)/8*(-8094)/(-4). Suppose 13*q - f = -904. What is the greatest common factor of q and 92?
46
Suppose -1 = -j, 3*r + 3*j + 141 = 7*r. What is the highest common factor of r and 4?
4
Let d = -811 - -961. Calculate the greatest common factor of 6 and d.
6
Let p(o) = 13*o**2 - 48*o**2 + 34 + 15*o**2 - 11*o + 19*o**2. Let i be p(-11). Calculate the greatest common factor of i and 170.
34
Let s be 12*(4 - (-3 - 0)). Suppose 66 = 4*d - 2*g, -s = -d - 4*d + 3*g. Let c = 4 - 1. Calculate the highest common factor of d and c.
3
Let b(h) = h - 3. Let x be b(11). Let m(z) = z**3 - 7*z**2 - 2*z - 2. Let c be m(x). Let q = c - 32. What is the highest common divisor of q and 98?
14
Suppose 0 = 3*j + 2*j - 440. Let u = j - -2. Calculate the highest common factor of 18 and u.
18
Let l(r) = -r**3 - 8*r**2 + 2*r - 5. Let d be l(-8). Let s = -20 - d. What is the highest common divisor of 1 and s?
1
Let b be (13/4)/(18/792). What is the highest common divisor of 65 and b?
13
Let k = -23 - 15. Let q be (-2 - -5)/((-2)/k). Suppose -7 - q = -4*i. What is the greatest common divisor of 2 and i?
2
Let c(f) = -f**3 + f**2 - 3*f - 1. Let q be c(-2). Let l(u) = u**3 - 2*u + 272. Let i be l(0). Calculate the highest common divisor of q and i.
17
Let p be 16/72 - (-2 - 21/27). Calculate the greatest common divisor of 12 and p.
3
Let k = 30 + -25. Let z be k/15 - (-58)/12*2. Suppose -5*y + 6*y - 2*i = 12, -2*i = 2*y + 6. Calculate the highest common factor of y and z.
2
Suppose o + 3356 = 4*o - 2*i, -o + 1127 = i. What is the highest common factor of o and 204?
102
Let t be (-18)/((-5)/585*2). What is the greatest common divisor of t and 26?
13
Let j(a) = a**2 + 2*a. Let h be j(-3). Suppose 2*k - 70 = -h*k. Let b(r) = r + 7. Let z be b(7). What is the greatest common divisor of k and z?
14
Let d(y) = 6*y + 24. Let b(q) = -6*q - 23. Let p(t) = 6*b(t) + 5*d(t). Let u be p(-6). Calculate the highest common factor of 144 and u.
18
Suppose 41 = -16*u + 409. What is the highest common factor of u and 1357?
23
Suppose -4*k = -3*k - 15. Let a be (21 - -1)/2 - (-179 - -175). Calculate the highest common factor of k and a.
15
Suppose -13 + 35 = 2*m. Suppose -m*n + 52 = -14. Calculate the greatest common factor of n and 30.
6
Let c = 29 - 11. Let m be (-959)/(-21) + (-2)/c*-3. Calculate the greatest common divisor of 115 and m.
23
Let b(i) = 8*i - 16. Let r be (-144)/(-27) + 2/3. Let o be b(r). What is the greatest common factor of o and 80?
16
Suppose -4*i = -605 - 667. Let w be i/8*52/39. Let h be -4*w/(-2) + -1. Calculate the greatest common divisor of h and 15.
15
Let g(j) = -11*j - 38. Let a be g(-8). What is the highest common factor of a and 70?
10
Suppose a - 4*i - 1105 = 0, 3 = -i + 7. Calculate the highest common divisor of a and 19.
19
Suppose o + 5*u = 6*u - 102, -5*o - 504 = u. Let k = o + 157. Calculate the highest common divisor of k and 16.
8
Suppose 3*i + 2*i = 20. Suppose 3*d = -5*h + 146, -4*h = 273*d - 277*d - 104. What is the highest common divisor of i and h?
4
Let n(r) = -38*r - 57. Let u(x) = -13*x - 19. Let s(q) = 3*n(q) - 8*u(q). Let p be s(-7). What is the greatest common factor of 34 and p?
17
Suppose 3*g - 3 = -0*g. Let j be (-1 - (-2 - 4))/g. What is the highest common factor of 10 and j?
5
Let b be (4 + (-27)/6)/(3/(-396)). What is the greatest common divisor of 6 and b?
6
Suppose -167 = -25*p + 33. Suppose -4*s - 3*r + 27 = 0, 0 = 3*r - 23 + 8. Suppose p*w - s*w - 125 = 0. What is the highest common divisor of w and 5?
5
Let z be 57 + (-6 - 3/(-1)). Calculate the highest common factor of 4 and z.
2
Suppose 1501*r = 1485*r + 144. Let m be (-2)/(-8) + 35/4. What is the highest common divisor of m and r?
9
Suppose 0 = 6*o - o - 945. Let j be (-16)/(-12)*3/(-2)*-14. Let l = j - 1. What is the highest common factor of o and l?
27
Suppose 11 = -w - 18. Suppose 0*h = -4*i - h - 127, -3*h + 67 = -2*i. Let j = w - i. Calculate the greatest common divisor of j and 3.
3
Let g be 36/3 + -9*1/(-3). Calculate the greatest common divisor of g and 20.
5
Let p(w) = -11*w - 21. Let f be p(-6). Let d be (-1938)/(-27) + 10/f. Calculate the greatest common divisor of 8 and d.
8
Let k(w) = 9*w**2 + 106*w - 5. Let l(v) = -4*v**2 - 53*v + 2. Let m(n) = 2*k(n) + 5*l(n). Let f be m(-24). Calculate the greatest common factor of 48 and f.
24
Let m(t) = 10*t + t - 5 - 2 - t**2 + 0*t**2. Let l be m(10). Suppose 2*x - l = 3. What is the greatest common divisor of 15 and x?
3
Let j be 2/1 + -9 + 10. Suppose 2*y = j*z - 654, -4*y = 4*z - 911 + 19. What is the greatest common divisor of z and 20?
20
Suppose 20 + 19 = -3*o. Let z = o - -63. What is the greatest common factor of z and 125?
25
Let y =